the remainder when 18903 is divided by 19.
17
What is the remainder when 47822 is divided by 103?
30
Calculate the remainder when 132752 is divided by 46.
42
Calculate the remainder when 71554 is divided by 1193.
1167
What is the remainder when 137554 is divided by 181?
175
Calculate the remainder when 12219 is divided by 163.
157
What is the remainder when 5022 is divided by 337?
304
What is the remainder when 3985 is divided by 835?
645
Calculate the remainder when 16396 is divided by 1095.
1066
Calculate the remainder when 183 is divided by 154.
29
What is the remainder when 12679 is divided by 5765?
1149
Calculate the remainder when 13021 is divided by 89.
27
What is the remainder when 24823 is divided by 161?
29
What is the remainder when 8149346 is divided by 2245?
2241
Calculate the remainder when 279718 is divided by 15.
13
Calculate the remainder when 1803 is divided by 384.
267
Calculate the remainder when 3347837 is divided by 171.
170
Calculate the remainder when 46440 is divided by 2756.
2344
Calculate the remainder when 991 is divided by 494.
3
Calculate the remainder when 2476 is divided by 54.
46
Calculate the remainder when 4287 is divided by 1596.
1095
Calculate the remainder when 11680 is divided by 2242.
470
Calculate the remainder when 4960 is divided by 182.
46
What is the remainder when 35322 is divided by 483?
63
Calculate the remainder when 2719 is divided by 122.
35
What is the remainder when 17926 is divided by 47?
19
Calculate the remainder when 38155 is divided by 240.
235
What is the remainder when 23835 is divided by 195?
45
What is the remainder when 4941 is divided by 1304?
1029
What is the remainder when 100646 is divided by 786?
38
What is the remainder when 345500 is divided by 13?
12
Calculate the remainder when 12615 is divided by 18.
15
Calculate the remainder when 1485 is divided by 216.
189
What is the remainder when 2167 is divided by 994?
179
Calculate the remainder when 9852 is divided by 1618.
144
What is the remainder when 853 is divided by 128?
85
Calculate the remainder when 13215 is divided by 2154.
291
What is the remainder when 91948 is divided by 18385?
23
Calculate the remainder when 203551 is divided by 15.
1
What is the remainder when 367799 is divided by 42?
5
Calculate the remainder when 10222 is divided by 3091.
949
What is the remainder when 23318 is divided by 297?
152
Calculate the remainder when 18697 is divided by 666.
49
Calculate the remainder when 2993 is divided by 25.
18
What is the remainder when 2164845 is divided by 206?
197
What is the remainder when 7243 is divided by 360?
43
What is the remainder when 5056 is divided by 830?
76
Calculate the remainder when 16741 is divided by 409.
381
Calculate the remainder when 193632 is divided by 909.
15
What is the remainder when 4942 is divided by 453?
412
Calculate the remainder when 915 is divided by 75.
15
Calculate the remainder when 3791 is divided by 1262.
5
What is the remainder when 15724474 is divided by 79?
77
Calculate the remainder when 9846 is divided by 3269.
39
Calculate the remainder when 19892 is divided by 6624.
20
What is the remainder when 113042 is divided by 36?
2
Calculate the remainder when 16241 is divided by 214.
191
What is the remainder when 82153 is divided by 195?
58
Calculate the remainder when 3854 is divided by 15.
14
Calculate the remainder when 1603778 is divided by 20.
18
What is the remainder when 1053 is divided by 390?
273
What is the remainder when 81037 is divided by 74?
7
What is the remainder when 7442 is divided by 62?
2
What is the remainder when 126279 is divided by 616?
615
Calculate the remainder when 2225 is divided by 1009.
207
Calculate the remainder when 203440 is divided by 203436.
4
What is the remainder when 2347 is divided by 570?
67
What is the remainder when 168838 is divided by 56?
54
What is the remainder when 1912 is divided by 597?
121
Calculate the remainder when 22473 is divided by 189.
171
Calculate the remainder when 17514 is divided by 1023.
123
What is the remainder when 317702 is divided by 317691?
11
What is the remainder when 4697 is divided by 1532?
101
Calculate the remainder when 11182 is divided by 3.
1
Calculate the remainder when 6199 is divided by 2051.
46
Calculate the remainder when 6739 is divided by 450.
439
What is the remainder when 2053 is divided by 484?
117
What is the remainder when 1055356 is divided by 128?
124
What is the remainder when 134417 is divided by 44791?
44
Calculate the remainder when 2787 is divided by 354.
309
Calculate the remainder when 8851 is divided by 380.
111
Calculate the remainder when 435218 is divided by 188.
186
What is the remainder when 54877 is divided by 28?
25
Calculate the remainder when 21103 is divided by 5.
3
Calculate the remainder when 3041 is divided by 1507.
27
Calculate the remainder when 215 is divided by 109.
106
Calculate the remainder when 9142 is divided by 8.
6
Calculate the remainder when 81899 is divided by 546.
545
What is the remainder when 394019 is divided by 398?
397
What is the remainder when 2271 is divided by 525?
171
What is the remainder when 78104 is divided by 62?
46
What is the remainder when 676565 is divided by 459?
458
Calculate the remainder when 98406 is divided by 49.
14
What is the remainder when 20256 is divided by 5063?
4
Calculate the remainder when 491977 is divided by 40998.
1
Calculate the remainder when 48384 is divided by 84.
0
What is the remainder when 3178 is divided by 3140?
38
Calculate the remainder when 4859 is divided by 17.
14
What is the remainder when 1319 is divided by 313?
67
Calculate the remainder when 70070 is divided by 365.
355
What is the remainder when 221805 is divided by 73934?
3
Calculate the remainder when 141903 is divided by 101.
99
What is the remainder when 29453 is divided by 18?
5
What is the remainder when 813 is divided by 57?
15
Calculate the remainder when 1009849 is divided by 27.
22
Calculate the remainder when 107845 is divided by 13480.
5
What is the remainder when 188477 is divided by 1291?
1282
Calculate the remainder when 238168 is divided by 41.
40
Calculate the remainder when 15856 is divided by 75.
31
Calculate the remainder when 1266 is divided by 604.
58
What is the remainder when 54886 is divided by 177?
16
What is the remainder when 9037 is divided by 8993?
44
Calculate the remainder when 5732250 is divided by 96.
90
Calculate the remainder when 3652 is divided by 3649.
3
Calculate the remainder when 182815 is divided by 91401.
13
Calculate the remainder when 13261 is divided by 510.
1
What is the remainder when 3562 is divided by 1122?
196
Calculate the remainder when 143953 is divided by 34.
31
Calculate the remainder when 2166 is divided by 68.
58
Calculate the remainder when 96323 is divided by 337.
278
What is the remainder when 87063 is divided by 55?
53
Calculate the remainder when 1141 is divided by 544.
53
Calculate the remainder when 71730 is divided by 1793.
10
Calculate the remainder when 67889 is divided by 33690.
509
What is the remainder when 1108378 is divided by 406?
404
What is the remainder when 5805 is divided by 161?
9
What is the remainder when 38384 is divided by 229?
141
Calculate the remainder when 196 is divided by 186.
10
Calculate the remainder when 9829 is divided by 446.
17
Calculate the remainder when 8723 is divided by 84.
71
Calculate the remainder when 14038 is divided by 180.
178
Calculate the remainder when 10965 is divided by 346.
239
Calculate the remainder when 5883 is divided by 4.
3
Calculate the remainder when 16092 is divided by 28.
20
Calculate the remainder when 1403 is divided by 113.
47
What is the remainder when 3823 is divided by 1142?
397
What is the remainder when 1232206 is divided by 172?
170
What is the remainder when 10368 is divided by 2573?
76
What is the remainder when 91211 is divided by 13030?
1
Calculate the remainder when 42924 is divided by 265.
259
What is the remainder when 12041 is divided by 223?
222
Calculate the remainder when 19120 is divided by 28.
24
Calculate the remainder when 15672 is divided by 98.
90
Calculate the remainder when 19166 is divided by 1012.
950
Calculate the remainder when 35357 is divided by 32.
29
Calculate the remainder when